 of 672 and j?
48
Let c(h) = -12 - 23*h - 10*h - 10*h + h. Suppose -5*v - 15 = -2*v. Let w be c(v). What is the highest common factor of w and 22?
22
Let l = 1418 + -1190. What is the highest common divisor of l and 1710?
114
Let v be ((-4)/9 - (-10304)/828)*(1 - -1). Suppose 3*z - 6 - 3 = 0. What is the highest common factor of z and v?
3
Let s be 66/(-18)*(1 + -4). Let d = s - 7. Suppose d*u + 176 = b, -6*b + 502 = -3*b + u. Calculate the highest common factor of b and 24.
24
Let d = 97 + -11. Let q = d + -85. Suppose -5*s + 5 = -20. What is the greatest common divisor of s and q?
1
Let a(v) = -3 + v**2 + v**3 + 2 + 0*v**3. Let p be a(0). Let x be ((-3)/(-2) - p)*22. What is the greatest common divisor of x and 11?
11
Let w = -157 + 157. Suppose w = l + 69 - 204. What is the greatest common factor of 15 and l?
15
Let h be 4/((-4)/(-83)) - -2. Suppose 5*c + 25 = h. Let w = c - -51. Calculate the greatest common divisor of 7 and w.
7
Let r be ((-46)/4)/((-35)/70). What is the greatest common divisor of r and 115?
23
Suppose -17*s = -4*w - 21*s + 180, 4*w = -5*s + 175. What is the greatest common factor of w and 1775?
25
Let v be (-12)/5*(-30)/9. Suppose 0*d + d = 5. Suppose -d*m + 80 + 20 = 0. What is the greatest common divisor of v and m?
4
Suppose 7*u = 4*u + 63. Suppose 16 = -x + u. Suppose -x*w + 95 + 0 = 0. What is the highest common divisor of w and 57?
19
Let d be (-6)/30 - (93/(-15) - -2). Suppose d*f - 88 = -3*j + 2*j, 0 = 4*j. Calculate the greatest common factor of f and 198.
22
Let w = 13 + 68. Let g be (w/(-6))/((-3)/6). Let v be 2 + -1 - (-34)/2. What is the highest common divisor of v and g?
9
Let l(t) = 99*t**3 - t**2 + 2*t - 1. Let w be l(1). Let f = 25 + -14. Calculate the greatest common divisor of w and f.
11
Let u be (-101)/(-5) - 3 - (-1)/(-5). Suppose 3*z - 412 + 55 = 0. What is the greatest common divisor of u and z?
17
Let r(x) = 11*x**3 + x - 2. Suppose 4*b - 18 = 2*i, -3*i + 0*i - 7 = -2*b. Let g be r(i). What is the highest common divisor of g and 4?
2
Suppose 0 = -4*b - 5*c + 96, 3*b + 5 = 3*c + 77. Suppose 0 = v - 4*v + b. Suppose -v*a - 99 = -11*a. Calculate the greatest common factor of 33 and a.
33
Let z(d) = d**2 - 19*d + 14. Let f be z(16). Let q = 25 + f. Let p be (-1 - 3) + 1 - q. What is the highest common factor of 24 and p?
6
Suppose -10 = 2*a, 5*i + 2*a - 75 = 7*a. Let j = -100 + 104. Calculate the greatest common factor of i and j.
2
Let w(x) = 8*x**3 - 5*x**2 - 3*x + 16. Let i be w(2). Suppose a - 3 = -4. Let m be a/(1*(-2)/36). Calculate the highest common factor of i and m.
18
Suppose -24 = -l + m + 42, -216 = -3*l - 3*m. Suppose -11*s + l = -10*s. What is the highest common divisor of s and 23?
23
Let l be (2/(-6))/(2/(-6)). Suppose 8*u - 13*u + 29 = 3*z, 5 = -z + 2*u. What is the greatest common divisor of z and l?
1
Let i be (-1)/3 - (-9 + (-1)/3). What is the greatest common factor of i and 207?
9
Let x = 90 + -54. Let b(z) = -z**3 - 9*z**2 - 9*z + 4. Let n = 13 + -21. Let p be b(n). Calculate the highest common factor of x and p.
12
Let l(z) = -z**3 - 4*z**2 - 6*z - 2. Let v be l(-2). Let a(t) = -4 - t + v*t + 8*t + 13. Let p be a(9). Calculate the highest common divisor of 9 and p.
9
Let j be (132/627)/((-4)/(-38)). Calculate the highest common factor of 14 and j.
2
Let a be (((-20)/5)/16)/(2/(-296)). Suppose -a - 23 = -5*w. Calculate the highest common divisor of w and 16.
4
Suppose 56 = -2*f - 2*f. Let r(y) = -82*y + 16. Let g(q) = 7*q. Let s(o) = -12*g(o) - r(o). Let m be s(f). Calculate the greatest common factor of m and 8.
4
Let v(m) = -5*m + 342. Let q be v(-54). What is the highest common divisor of q and 12?
12
Suppose 0 = a + 2, 2*g + 3*a + 48 = -22. Let q be (1/(4/g))/(-1). Calculate the greatest common factor of q and 72.
8
Let x = -48 + 88. Let h(v) = 10*v**2 - 4*v - 2. Let t be h(-3). Calculate the greatest common divisor of t and x.
20
Let q(k) = k - 25. Let j be q(32). What is the highest common divisor of j and 63?
7
Suppose -45*m + 329 = -211. What is the greatest common divisor of 540 and m?
12
Let q(o) = 8*o**2 + 6*o. Let y be q(2). Calculate the highest common divisor of 704 and y.
44
Suppose -50*f = -36*f - 6328. What is the highest common divisor of f and 8?
4
Suppose 0 = 3*p + 4*q - 50, 0 = p + p - 2*q - 52. Let w(c) = -c - 2. Let k = 7 - 11. Let y be w(k). Calculate the greatest common factor of y and p.
2
Let g(r) = -4*r**2 + 3*r + 3. Let p be g(4). Let f = p + 73. Calculate the greatest common divisor of 36 and f.
12
Suppose -5*i + 2*u = -2522, 2*u - 1 = 3*u. Calculate the highest common factor of i and 56.
56
Let v(y) = 12*y - 217 + 4*y + 211. Let s be v(9). What is the greatest common factor of s and 46?
46
Suppose -5*c + y = -8, 5*c - 3 + 1 = -y. Suppose -3*z - 6 = 0, -1 - 19 = -2*b + 3*z. Let a = b - c. Calculate the highest common factor of a and 3.
3
Let d be -2*((-684)/8)/9. Suppose -d*l - 60 = -24*l. What is the highest common divisor of l and 156?
12
Suppose 21 = -3*h - 3. Let s = 8 - h. Suppose 0*f + f = s. What is the highest common factor of f and 16?
16
Let g(q) be the first derivative of q**4/2 - 2*q**3 + 2*q**2 - 8*q + 4. Let r be g(4). What is the highest common factor of 20 and r?
20
Suppose -105*t = -101*t - 264. Calculate the highest common factor of t and 3.
3
Let n(h) = 36*h - 10. Let d(p) = -p - 1. Let r(s) = 2*d(s) - n(s). Let u be r(-4). Calculate the greatest common factor of 16 and u.
16
Let l be (-9)/(-4) - 1/4. Suppose -l*f = 2*f - 64. Let t(z) = 45*z - 7. Let b be t(3). Calculate the highest common factor of f and b.
16
Let v(z) = z**3 + 14*z**2 + 7*z - 8. Let l be v(-8). Let u = l + -229. Let h = 31 + -18. Calculate the greatest common divisor of u and h.
13
Let q = 6 - 11. Let a be (-98)/q + 4/10. Suppose 230*k = 271*k - 164. Calculate the highest common factor of a and k.
4
Let v(k) = k**2 + 46*k - 186. Let w be v(4). Calculate the highest common divisor of w and 154.
14
Let o = 1973 + -1904. Calculate the highest common divisor of 161 and o.
23
Let m = 212 + -203. Calculate the greatest common divisor of m and 27.
9
Let p = 63 + -64. Let t be (-1)/(3/48*p). What is the highest common divisor of 208 and t?
16
Suppose s - 12 = -4*z + 6*z, -5*z = -10. Let l be ((-2)/5)/(4/(-160)). Suppose 3*q = -q + l. What is the highest common divisor of s and q?
4
Let d = 1739 - 1687. Calculate the greatest common factor of d and 572.
52
Let k be (14/(-6))/(2/(-12)). Let c = -627 - -641. Calculate the greatest common divisor of c and k.
14
Suppose 5*p + 1 - 21 = 0. Suppose 0*b - b = g, 3*g + 5*b = -p. Calculate the greatest common divisor of 7 and g.
1
Let v = 5 - 3. Let k(l) = 12*l + 82. Let u be k(-6). Calculate the greatest common factor of v and u.
2
Suppose 4*u + 2*g = -3*g - 3, u = 5*g + 18. Suppose 2*i - 1201 = -2*c - u*c, -4*c - 607 = -i. Calculate the greatest common divisor of 67 and i.
67
Let z be (2 + 1)/((-221)/(-15912)). Suppose 0 = 2*h - 5*n - 79, -2*h - 12 = 3*n - 51. Calculate the highest common divisor of z and h.
27
Let a = -11 - -13. Suppose -4*b - 5*k = a, -5*b + 3*k = -b - 14. Suppose b*l + 55 = 7*l. What is the highest common divisor of l and 99?
11
Let g be (98 - 107) + 22*2. Let p be (-1 - -14) + (-1)/(-1). What is the highest common divisor of g and p?
7
Suppose -18*c + 682 + 326 = 0. Calculate the greatest common divisor of 91 and c.
7
Let s be 1185/(-6 - -3)*(-84)/70. What is the greatest common factor of 6 and s?
6
Suppose g - 2*v + 15 = 0, -8*g - 2*v = -3*g + 27. Let u = g - -21. What is the highest common factor of 126 and u?
14
Suppose 162 = -5*z + 3*m, 4*z + 104 = -2*m - 2*m. Let p = z - -32. What is the highest common factor of p and 1?
1
Let w(k) = -k**2 + 51*k + 59. Let h be w(48). What is the greatest common divisor of h and 87?
29
Suppose 5*z + 3*c = -4 + 57, -2*c = 5*z - 52. Suppose z*a = 13*a - 48. What is the highest common factor of 128 and a?
16
Let o(i) = 3*i + 76. Let x be o(0). What is the highest common divisor of 266 and x?
38
Let a = 324 - 276. What is the greatest common divisor of 156 and a?
12
Let b be (-1 + 36/(-16))*-12. Suppose -2*t - 7 = -b. Let r be (-25)/(-3) + (-3)/9. Calculate the greatest common divisor of r and t.
8
Let w = 320 - 220. Let n be w/4*(0 - 1). Let r = n + 53. Calculate th